l) = 18*l**2 - 1656*l - 57811. Give z(-27).
23
Let g(l) = -7*l**2 + 50990*l + 153030. Determine g(-3).
-3
Let f(m) = -m**3 - 222*m**2 - 3857*m + 17. Determine f(-19).
17
Let b(s) = -4*s**2 + 1864*s + 640337. Give b(696).
17
Let g(b) = -29033*b + 929086. Give g(32).
30
Let k(a) = 6*a**3 - 223*a**2 + 34*a - 182. Calculate k(37).
-293
Let s(x) = -x**3 + 291*x**2 - 515*x + 322588. Calculate s(293).
-5
Let w(u) = -203*u**2 + 2074*u - 464. Calculate w(10).
-24
Let o(h) = 2*h**2 + 196*h + 5166. Calculate o(-36).
702
Let w(o) = 3970*o - 166782. Give w(42).
-42
Let i(r) = -r**3 + 14*r**2 - 20*r + 833. Calculate i(14).
553
Let c(m) = 9*m**2 + 34*m - 22. Calculate c(-8).
282
Let m(o) = 7*o**3 + 598*o**2 + 11347*o + 226. Determine m(-57).
-2
Let g(d) = 22*d - 1191. What is g(67)?
283
Let a(g) = -17739*g - 496563. Determine a(-28).
129
Let t(g) = -g**3 + 442*g**2 + 7307*g + 9623. What is t(458)?
5
Let w(b) = -90*b + 554. Determine w(-19).
2264
Let r(o) = -o**3 - 47*o**2 - 428*o - 187. Calculate r(-35).
93
Let u(d) = -37705*d**2 + 904900*d + 475. Determine u(24).
-5
Let h(l) = -2*l**3 + 270*l**2 + 1144*l - 4418. Calculate h(139).
30
Let p(o) = -398*o + 909. What is p(6)?
-1479
Let l(k) = k**3 + 585*k**2 - 1128*k - 1672654. Calculate l(-582).
14
Let m(k) = k**3 + 92*k**2 - 911*k + 442. Determine m(-101).
644
Let o(c) = -170*c**2 + 12150*c + 6471. Calculate o(72).
-9
Let l(v) = -130*v**2 + 16*v - 24. What is l(0)?
-24
Let t(d) = 2*d**2 - 639*d - 8333. What is t(332)?
-33
Let d(h) = 103*h**2 + 520*h - 17. What is d(-3)?
-650
Let x(j) = 47*j**2 + 1718*j - 11984. Calculate x(6).
16
Let p(t) = 24366*t + 219313. Calculate p(-9).
19
Let n(x) = x**3 + 27*x**2 - 1691*x + 8946. Give n(6).
-12
Let q(x) = x**3 - 125*x**2 + 454*x - 25579. Calculate q(123).
5
Let q(a) = -35901*a + 430794. Calculate q(12).
-18
Let q(g) = -g**3 - 106*g**2 + 433*g - 575. Determine q(-110).
195
Let b(z) = -13782*z**2 + 124038*z + 6. Give b(9).
6
Let u(q) = -274*q**2 - 1442*q + 4321. What is u(3)?
-2471
Let d(t) = -5*t**2 - 243*t + 922. What is d(-53)?
-244
Let h(v) = 234*v - 26543. Calculate h(127).
3175
Let l(o) = -185*o**2 + 41809*o + 252. Calculate l(226).
26
Let j(o) = 2*o**3 - 11*o**2 + 25*o + 107. What is j(8)?
627
Let c(b) = -18056*b + 107822. Give c(6).
-514
Let x(h) = -17*h**2 - 338*h + 43. Calculate x(-20).
3
Let t(b) = 2243*b - 1253822. Determine t(559).
15
Let g(t) = 4*t**3 - 7*t**2 + 856*t - 5214. Calculate g(6).
534
Let d(o) = 131*o**2 + 33403*o - 621. Calculate d(-255).
-111
Let d(k) = -k**2 + 1903*k + 22904. Calculate d(-12).
-76
Let h(i) = -24*i**2 - 995*i - 525. Give h(-41).
-74
Let x(l) = -2*l**2 + 2939*l - 63737. Calculate x(22).
-47
Let w(i) = i**2 + 30053*i - 4166356. Give w(138).
2
Let v(w) = 2212*w - 54858. What is v(25)?
442
Let o(d) = d**3 - 160*d**2 - 13*d + 1836. What is o(160)?
-244
Let q(k) = -3*k**2 + 4*k + 506. Calculate q(-14).
-138
Let f(t) = 440*t**2 - 2266*t + 348. Calculate f(5).
18
Let k(o) = -6*o**2 - 1370*o + 31020. Determine k(21).
-396
Let i(a) = 2*a**3 - 3739*a**2 - 7501*a - 44. What is i(-2)?
-14
Let c(q) = 175*q**3 + 6*q**2 + 80*q + 73. Give c(-1).
-176
Let r(p) = -2138*p - 30240. Give r(-16).
3968
Let u(x) = -10*x**2 + 792*x - 6210. Give u(8).
-514
Let b(d) = -213*d - 2487. What is b(-10)?
-357
Let p(w) = 31*w**2 - 9639*w - 388. Calculate p(311).
234
Let c(b) = 48*b**2 - 18*b - 104. Calculate c(7).
2122
Let t(c) = -8*c**3 - 419*c**2 - 1318*c + 65. What is t(-49)?
-180
Let y(w) = w**2 + 1174*w - 694. What is y(0)?
-694
Let n(a) = 725*a**3 + 2014050*a**2 + a + 2776. What is n(-2778)?
-2
Let a(t) = 35747*t + 714935. Give a(-20).
-5
Let i(z) = -1818*z + 163633. Determine i(90).
13
Let p(z) = z**2 - 2394*z + 103396. Calculate p(44).
-4
Let a(l) = l**3 + 12*l**2 - 31*l + 91. What is a(-17)?
-827
Let p(w) = -8*w**3 - 122*w**2 + 237*w + 5. Determine p(-17).
22
Let h(d) = d**3 + 67*d**2 - 536*d - 10358. Give h(-72).
2314
Let i(f) = -f**3 - 156*f**2 - 424*f + 108. What is i(-3)?
3
Let z(t) = -228*t - 4341. Calculate z(-19).
-9
Let t(q) = 10846*q - 260405. Calculate t(24).
-101
Let u(p) = 2*p**2 + 3323*p + 39586. Give u(-12).
-2
Let h(f) = -f**3 + 36*f**2 + 365*f - 10. Determine h(44).
562
Let d(o) = 7023*o**2 + 189616*o - 128. Give d(-27).
7
Let s(v) = -44*v**3 - 22947*v**2 - 11981*v + 1039. Calculate s(-521).
-3
Let w(r) = r**3 + 15*r**2 - 46*r + 783. What is w(-20)?
-297
Let v(b) = 457998*b + 3205931. Determine v(-7).
-55
Let v(h) = -11*h**3 - 132*h + 586. Calculate v(5).
-1449
Let g(z) = -8*z**2 - 19*z + 2025. Calculate g(-17).
36
Let v(h) = -98*h**2 - 2073*h + 331. What is v(-21)?
646
Let w(k) = -k**3 + 254*k**2 - 757*k + 973. Calculate w(251).
-31
Let h(g) = -1759*g - 8634. Determine h(-5).
161
Let b(z) = 20*z + 2035. Calculate b(-105).
-65
Let g(l) = -3*l**2 - 437*l - 4813. Calculate g(-12).
-1
Let m(z) = 4*z**3 + 562*z**2 - 859*z - 977. Give m(-142).
17
Let x(i) = -15671*i + 141043. Calculate x(9).
4
Let g(o) = 112924*o + 225743. Calculate g(-2).
-105
Let u(l) = l**3 + 69*l**2 - 175*l - 1693. Determine u(-71).
650
Let f(c) = c**3 + 33*c**2 - 30*c + 1908. What is f(-35)?
508
Let m(a) = 3177797*a - 54022560. Calculate m(17).
-11
Let t(z) = 2*z**3 - 291*z**2 + 6853*z - 972671. Give t(145).
-11
Let o(c) = -4*c**3 + 413*c**2 - 76*c - 2798. Determine o(103).
-17
Let j(q) = -4*q**2 + 4199*q - 145986. What is j(36)?
-6
Let y(o) = o**3 + 77*o**2 - 552*o + 72. Calculate y(7).
324
Let s(p) = -10707*p - 246252. Calculate s(-23).
9
Let h(z) = 2*z**3 - 441*z**2 + 51*z - 60111. Calculate h(221).
1
Let k(y) = -5*y**3 - 1083*y**2 + 6*y - 19. Give k(0).
-19
Let t(s) = 198*s**2 + 820*s + 3296. What is t(-4)?
3184
Let u(x) = -3161*x - 31603. Determine u(-10).
7
Let q(x) = -554*x**2 + 4958*x - 47. Determine q(9).
-299
Let x(d) = 2*d**2 - 27*d - 633. Calculate x(-15).
222
Let y(j) = -j**3 + 105*j**2 + 1432*j - 56. Give y(117).
3220
Let y(k) = -k**2 - 418*k + 11073. Calculate y(25).
-2
Let l(s) = 515*s + 2441. What is l(-5)?
-134
Let g(z) = -7*z**3 - 273*z**2 + 3039*z - 26. Calculate g(9).
109
Let p(o) = o**2 - 581*o + 83269. Give p(324).
1
Let u(n) = n**3 - 9*n**2 - 113*n - 395. Calculate u(22).
3411
Let u(z) = 129*z**2 + 274*z - 1982. Calculate u(3).
1
Let d(t) = 59*t**2 + 5676*t - 17014. What is d(3)?
545
Let a(i) = -11*i**2 + 17486*i - 34972. What is a(2)?
-44
Let v(u) = 79984*u + 479367. Determine v(-6).
-537
Let m(z) = 13*z**2 + 841*z + 2927. Give m(-61).
-1
Let d(j) = 19361*j - 5285547. Determine d(273).
6
Let m(r) = 104*r + 21919. Give m(-211).
-25
Let j(k) = k**3 - 212*k**2 - 424*k - 858. Give j(214).
-2
Let p(r) = -r**3 - 20*r**2 - 43*r - 62. What is p(-7)?
-398
Let i(j) = 189*j**2 - 2265*j - 148. What is i(12)?
-112
Let y(h) = 3*h**3 - 2840*h**2 + 47411*h + 19. Calculate y(17).
-15
Let v(l) = -3*l**2 + 307*l - 4246. Give v(85).
174
Let u(w) = -2*w**3 + 86*w**2 + 191*w - 4666. Calculate u(44).
-134
Let s(p) = 33*p**2 + 531*p - 46. Give s(-14).
-1012
Let f(x) = 140*x - 25399. Calculate f(180).
-199
Let r(v) = 147*v**2 - 125*v - 4. Calculate r(1).
18
Let z(v) = -8*v**3 + 768*v**2 - 763*v + 260. Give z(95).
-25
Let m(s) = s**3 - 548*s**2 + 1097*s - 15. Calculate m(2).
-5
Let l(y) = -20*y**3 - 4952*y**2 + 1986*y + 427. Give l(-248).
-69
Let i(v) = -7*v**3 + 7351*v**2 + 6292*v + 14709. Calculate i(1051).
-5
Let h(g) = -8073*g + 209911. What is h(26)?
13
Let m(b) = b**3 - 351*b**2 - 11836*b - 2249. Determine m(382).
43
Let a(w) = 17*w**3 + 1625*w**2 - 842*w - 16317. Give a(-96).
3
Let l(h) = 5*h**2 - 619*h + 2847. What is l(119)?
-9
Let s(t) = 2*t**3 - 545*t**2 - 283*t + 2715. Calculate s(273).
-15
Let t(y) = -1559*y + 37448. What is t(24)?
32
Let u(i) = 162*i**2 + 7*i + 111. Calculate u(0).
111
Let n(o) = 106*o + 10318. Give n(-116).
-1978
Let l(d) = -52*d**3 + 102*d**2 - 3*d + 9. What is l(2)?
-5
Let t(w) = 2*w**3 - 161*w**2 - 237*w - 240. Calculate t(82).
498
Let t(y) = -y**3 + 17*y**2 - 29108*y + 436164. What is t(15)?
-6
Let n(b) = -93*b - 815. What is n(-10)?
115
Let z(t) = -21*t**3 + 11*t**2 - 1543*t + 1527. What is z(1)?
-26
Let z(q) = 47*q**3 + 125*q**2 + 16*q + 101. Determine z(-6).
-5647
Let x(s) = -31*s**2 + 1454*s + 14419. Calculate x(-10).
-3221
Let n(x) = 2*x**3 + 203*x**2 + 110*x + 21579. Calculate n(-102).
-45
Let m(y) = 29159*y - 379074. Determin